-7*o - 18. Let t be a(8). Let i = t + 160. List the prime factors of i.
2, 43
Let c(h) be the third derivative of 0*h - 11*h**2 + 0 + 0*h**3 - 35/24*h**4. List the prime factors of c(-1).
5, 7
Let s(k) = k**3 - 32*k**2 - 19*k + 41. List the prime factors of s(33).
503
Let p = -3 + 7. Suppose 3*q = -2*h + 27, 3*h - 3*q - 44 = -p*q. List the prime factors of h.
3, 5
Suppose -5 = -2*b + 3*b. Let q(f) = f + 10. Let z be q(b). Suppose z*h + 64 = 7*h. What are the prime factors of h?
2
Suppose -j - 4*y + 2 = 0, -4*j + 2 = -2*y - 24. Suppose j*v - 136 = 200. What are the prime factors of v?
2, 7
Suppose 392*o - 212 = 390*o. What are the prime factors of o?
2, 53
Let b = -73 - -76. Suppose -b*t = -0*t - 396. List the prime factors of t.
2, 3, 11
Let h(m) = -m**3 + 20*m**2 + 28*m - 4. What are the prime factors of h(21)?
11, 13
Let m = 2 + 4. Let a(k) = -k**2 + 7*k - 4. Let q be a(m). Suppose -6*t + 88 = -q*t. List the prime factors of t.
2, 11
Suppose -l = -91 - 45. Suppose y + 134 = 2*a, -l - 66 = -3*a + y. What are the prime factors of a?
2, 17
Suppose 7409 = 3*c + w - 6*w, 3*w - 7449 = -3*c. What are the prime factors of c?
2, 3, 7, 59
Let s = -1057 + 1549. What are the prime factors of s?
2, 3, 41
Let q = -15 + 16. What are the prime factors of (-1)/(4/(-100)*q)?
5
Suppose p - 20 = -3*r, -3*r + 2*r + 15 = 2*p. Suppose g = 3*n - 0*g - 11, n - g = p. Suppose n*c - 6*c + 69 = 0. What are the prime factors of c?
23
Let f be (4 + -10 - -4)*(-1 - -29). Let t = f - -147. What are the prime factors of t?
7, 13
What are the prime factors of 698/2 + 1/4*8?
3, 13
Let t(i) = 22*i - 2. Let b be t(-3). What are the prime factors of (6 + -5)/((-2)/b)?
2, 17
Let g be 4/18 + (-20912)/144. Let t = g + 212. What are the prime factors of t?
67
Let n(a) = -a**2 - 7*a - 10. Let h be n(-4). Suppose 2*d - 2*w - 22 = 0, -6*w + 2*w - 22 = -h*d. What are the prime factors of d + -7 + 3 + 0?
7
Suppose -19*f + 22*f - 1416 = 0. What are the prime factors of (0 + (-20)/8)*f/(-10)?
2, 59
Let j(w) = 32*w**2 + 12*w - 29. List the prime factors of j(4).
3, 59
Suppose -5*q + 811 = 4*m, -4*q - 8*m + 3*m = -656. Suppose -3*i - 2*y = 55 - q, -i + y = -28. List the prime factors of i.
2
Suppose -6 = 4*u + k + 19, -3*u = 5*k + 23. List the prime factors of (46/u)/(4/(-12)).
23
Let q(j) = -3*j - 8. Let t be q(-7). Let r(c) = 3*c - 8. Let k(g) = 7*g - 17. Let b(m) = t*r(m) - 6*k(m). List the prime factors of b(-4).
2, 5
Let z = 2735 + -1266. List the prime factors of z.
13, 113
Let l(p) = 2 + 167*p - 143*p + 2. What are the prime factors of l(3)?
2, 19
Let y = 126 - 132. What are the prime factors of 31 + (-3 - -2) - (-18)/y?
3
Suppose 0 = 2*y + 2*a + 60, -2*y - 126 = 3*y - a. What are the prime factors of y*5/(-6) - 1/(-3)?
2, 11
Let y be (-4)/(-28) + 1284/(-21). Let x = y + 104. Let m = x - 8. What are the prime factors of m?
5, 7
Suppose j + 14 + 5 = 0. Let v = j + 89. What are the prime factors of v?
2, 5, 7
Let h be (-20)/35 - (-8)/14. Let b be (3/9)/(3/27). Suppose h = -c + 14 + b. List the prime factors of c.
17
Let l be (-36)/16*4/(-3). Suppose -l*z + 30 = -3*b + 2*b, z = -3*b + 20. What are the prime factors of z?
11
Let u be ((-9)/(-12))/(6/4)*-44. List the prime factors of (-48)/u + -2 - (-35604)/198.
2, 3, 5
Suppose 380 = 5*h - 5*r, 2*h = 3*h + 3*r - 64. What are the prime factors of h?
73
Let j = -84 + 39. List the prime factors of (0 + (2 - 7))*1242/j.
2, 3, 23
Suppose 4*u + 98 = 262. Let y = 88 + u. What are the prime factors of y?
3, 43
Let g = 16 - 8. Let s be (20/g)/(5/12). Let r(k) = k + 6. What are the prime factors of r(s)?
2, 3
Suppose -4*n + 8*n = 884. List the prime factors of n.
13, 17
Let m be (12/(-15))/((-1)/80). Let o be 9/(-6)*m/(-6). Let k = -3 + o. What are the prime factors of k?
13
Suppose -2*m - 10 = -16. Suppose -m*k + 136 = 37. List the prime factors of k.
3, 11
Suppose -3*n - 99 = -474. Suppose -5*v = 2*t - 0*t - 131, -5*v - 5*t = -n. List the prime factors of v.
3
Let z(t) = -6*t - 4. Let k(a) = -a**3 - 7*a**2 + 7*a - 2. Let o be k(-8). Let j = -9 + o. List the prime factors of z(j).
2, 7
Let c = -80 - -90. Suppose -3*k = 3*v - 27, k + k - c = 0. What are the prime factors of v?
2
Let s be 1 + 11/(22/780). Suppose 3*l = -2*m + s, 3*l + 0*m - 395 = 2*m. List the prime factors of l.
131
Suppose -v + 172 = 4*d - 3, 0 = 5*d + 3*v - 210. Suppose n - d - 6 = 0. List the prime factors of n.
3, 17
Let n(d) = 14*d**2 - d - 5. Let k be n(-7). Suppose -u + 242 = -5*v, 3*u + 4*v = -0*u + k. Suppose 2*f = 7*f - 20, 4*j - u = f. What are the prime factors of j?
59
Let u be (-161)/46*8/(-7). Suppose 2*z + z - p = 41, 28 = u*z + 4*p. List the prime factors of z.
2, 3
Let b = -9 - -11. Suppose b*a = -131 + 389. List the prime factors of a.
3, 43
Let d(s) = -s**2 - 6*s + 2. Let y be (1 + 4)*(0 - 1). Let g be 93/(-15) + (-1)/y. List the prime factors of d(g).
2
Let l(b) = 490*b + 271. What are the prime factors of l(4)?
23, 97
What are the prime factors of (18 - 39)/(-4 - -3)?
3, 7
Let a(m) = -m**2 + 12*m - 15. Let l be a(10). Suppose -3*y - l*g + 0*g = -6, -3*y + 5*g = -6. What are the prime factors of (-3)/((-21)/(-12) - y)?
2, 3
Let f = 10 - 15. Let h = f - -3. What are the prime factors of (-5 - 8/h)*-17?
17
Suppose -3*f + 8517 = -3*d, 5*f + 2731 - 16899 = -4*d. What are the prime factors of f?
2, 709
Let q = 195 + -129. What are the prime factors of 4/22 - (-5 - 15630/q)?
2, 11
Let z(m) = 27*m + 33. Let k = 61 - 55. What are the prime factors of z(k)?
3, 5, 13
Suppose -i = 5*f - 31, -i = -3*f - 2*f - 1. Suppose -4*s = 2*m - 3*s - 12, 0 = 4*s - i. Suppose 0 = -m*k + 9 + 23. What are the prime factors of k?
2
Let g(z) = z**3 - 13*z**2 + 2*z - 2. Let o be g(13). What are the prime factors of (-110)/(-2)*o/20?
2, 3, 11
Let a = 19 + -15. Suppose -b - 422 = -2*b - 5*r, -a*r + 1244 = 3*b. What are the prime factors of b/12 + (-2)/6?
2, 17
Suppose -18 = 3*a - 0*a. Let n be a/(-9) + 2/(-3). Suppose n = -f + w + 5 + 15, 2*w - 114 = -5*f. What are the prime factors of f?
2, 11
Let j be (-2)/14 + 710/70. Suppose -3*f + j = -26. What are the prime factors of f?
2, 3
Suppose -3*k - 12 = -d + 6*d, 4*d - 2*k + 14 = 0. List the prime factors of 293/d*-2 - 8/(-12).
2, 7
Let p(l) = -l**3 - 6*l**2 + 17*l + 8. Let a be p(-8). Suppose -4*r - 11*r + 2610 = a. What are the prime factors of r?
2, 3, 29
Let b(h) = -2*h + 9. Let p(c) = 6*c - 28. Let y(n) = -7*b(n) - 2*p(n). Let m be y(6). Suppose m*u + 0*u - 105 = 0. What are the prime factors of u?
3, 7
Let m = 13 + -11. Suppose m*l + l - n = 231, 2*n - 84 = -l. List the prime factors of l.
2, 3, 13
Let q(g) = g**3 - 8*g**2 - 2*g + 48. List the prime factors of q(11).
389
Let l(i) = 51*i**2 - 37*i + 282. List the prime factors of l(7).
2, 13, 97
Suppose 4*y - 566 = v + 1223, -2*v - 890 = -2*y. What are the prime factors of y?
2, 7
Let d(g) be the first derivative of -2*g**3/3 + 3*g**2/2 + 7*g + 3. Let w be d(5). Let a = w - -39. List the prime factors of a.
11
Let a(t) = -t**3 + 4*t**2 + 4*t - 1. Let j be a(4). Let p be (4/(-4) + 1)*2/(-4). Suppose p*i - j = -i. What are the prime factors of i?
3, 5
List the prime factors of -5 + 4 + -3 + 1317.
13, 101
Suppose -5*t - 12 = 3. Let l = t - -123. Suppose 6 + l = 3*h - 3*v, -5*h + 2*v = -219. What are the prime factors of h?
3, 5
Suppose -2*m = -6*m - 24. Let v(z) = 2*z + 12. Let k be v(m). Suppose 0 = g - k*g - 66. List the prime factors of g.
2, 3, 11
Suppose 4*i = 4*z, -4*i + 6*z = 4*z - 4. Suppose -21 = 4*j + 2*s - 81, -3*j = -i*s - 52. List the prime factors of j.
2
Suppose -8*d + 6345 = -3*d. What are the prime factors of d?
3, 47
Let v(r) = -r**2 - 9*r - 2. Let n be v(-7). Let o be (-30)/8 + (-3)/n. Let p(t) = 3*t**2 + 3*t + 10. What are the prime factors of p(o)?
2, 23
Let t(v) = v**2 + 2. Let y(q) = -q**2 + 11*q - 14. Suppose -2*i + 20 = -0*i. Let p be y(i). What are the prime factors of t(p)?
2, 3
Let q(o) = -o**3 - o - 82. Let g be q(0). Suppose 5*c = 20, -6*c - 18 = 5*v - 3*c. What are the prime factors of g/(-26) + v/39?
3
Suppose -4*l + 5*z = -24, l - 2*z - 3*z = 6. Suppose m + l*m = -147. What are the prime factors of -4 - (-6 + 4) - m?
19
Let y be 18/45 - 4/10. Suppose q - 54 - 23 = y. List the prime factors of q.
7, 11
Suppose 0 = h + j - 3, -3*h + 0 + 5 = -j. Suppose h*i =